97 a composite number?
True
Is 28003 prime?
False
Is 4588099 a composite number?
False
Is 42295991 a composite number?
False
Is 2027359 composite?
False
Is 23027153 a composite number?
False
Is 18829223 a composite number?
True
Is 8327119 composite?
True
Is 50833 a composite number?
False
Is 141937 prime?
True
Is 2582837 composite?
False
Is 9472739 composite?
True
Is 473550277 a prime number?
True
Is 51504233 prime?
False
Is 37305391 prime?
True
Is 2258231 a prime number?
False
Is 3698153 composite?
False
Is 1955047 prime?
True
Is 4857199 a prime number?
True
Is 29798609 a composite number?
False
Is 78932039 a composite number?
False
Is 4249741 a prime number?
True
Is 572606531 a prime number?
False
Is 10465307 a prime number?
True
Is 7226507 composite?
True
Is 69980503 prime?
True
Is 30317117 a prime number?
True
Is 19476623 a composite number?
False
Is 11565017 composite?
False
Is 29009479 a prime number?
True
Is 2093237 composite?
False
Is 1936721 composite?
False
Is 19088159 composite?
True
Is 3680533 a prime number?
True
Is 297279269 prime?
False
Is 39876821 a composite number?
True
Is 1014779 composite?
False
Is 11444717 prime?
True
Is 6843427 a composite number?
False
Is 199994155 prime?
False
Is 31311433 prime?
False
Is 22191371 a prime number?
False
Is 639517121 a prime number?
True
Is 9290393 a composite number?
True
Is 22845697 a composite number?
True
Is 5231329 a prime number?
True
Is 41579977 composite?
True
Is 7891501 a composite number?
True
Is 130400581 a prime number?
False
Is 18835451 a prime number?
True
Is 208868573 a prime number?
False
Is 3832481 composite?
False
Is 635279 a prime number?
True
Is 220537091 a composite number?
False
Is 52093787 a prime number?
False
Is 2245301 a prime number?
True
Is 173994749 prime?
True
Is 30615719 composite?
False
Is 3810935 a composite number?
True
Is 1118713 composite?
False
Is 3961813 prime?
True
Is 116957237 a prime number?
True
Is 58856437 a composite number?
True
Is 31419071 a composite number?
False
Is 2555281 a composite number?
False
Is 562838 a composite number?
True
Is 92776661 composite?
False
Is 28253215 composite?
True
Is 25127951 prime?
True
Is 9796117 a composite number?
False
Is 138182279 composite?
False
Is 1314767 composite?
False
Is 7167101 composite?
False
Is 34143203 a prime number?
True
Is 56225927 prime?
True
Is 1816531 composite?
True
Is 7995346 composite?
True
Is 5486113 composite?
True
Is 8791951 prime?
False
Is 164783677 composite?
False
Is 3561737 prime?
False
Is 147222269 composite?
False
Is 18405551 prime?
True
Is 149816363 composite?
True
Is 122762037 a prime number?
False
Is 5258221 composite?
False
Is 21522671 prime?
True
Is 30753589 prime?
True
Is 340169 a prime number?
True
Is 6721661 a composite number?
False
Is 990065 a prime number?
False
Is 82272203 a prime number?
False
Is 3987727 a composite number?
False
Is 913295 composite?
True
Is 766739 composite?
False
Is 1955579 prime?
True
Is 84299981 prime?
True
Is 5762041 composite?
False
Is 19829499 prime?
False
Is 2475269 prime?
True
Is 408253051 a prime number?
False
Is 298803161 composite?
True
Is 403312289 composite?
False
Is 57078871 a prime number?
True
Is 49623907 composite?
False
Is 77110339 a composite number?
False
Is 21708723 composite?
True
Is 9130811 composite?
True
Is 13314863 a composite number?
False
Is 157352329 a prime number?
False
Is 121763 a prime number?
True
Is 590413 prime?
False
Is 1396657 a prime number?
True
Is 33261301 composite?
True
Is 5491522 a composite number?
True
Is 8521759 composite?
False
Is 650897 a prime number?
False
Is 433717597 composite?
False
Is 1655377 a composite number?
False
Is 22003243 a composite number?
False
Is 3110537 a prime number?
True
Is 1833959 a composite number?
True
Is 44149639 composite?
False
Is 17159837 composite?
False
Is 20552071 a composite number?
False
Is 107455505 a composite number?
True
Is 114883621 composite?
False
Is 49999069 a prime number?
True
Is 7184291 composite?
False
Is 8403229 prime?
False
Is 377767 a composite number?
True
Is 174206 a composite number?
True
Is 21290179 prime?
False
Is 19181681 composite?
True
Is 3145951 prime?
False
Is 927077 a prime number?
True
Is 32872795 a composite number?
True
Is 27385621 a prime number?
True
Is 7993 composite?
False
Is 933479 a composite number?
False
Is 72312161 prime?
False
Is 24564998 a prime number?
False
Is 38688779 a prime number?
True
Is 16954801 prime?
False
Is 411925901 a prime number?
True
Is 198529 a prime number?
True
Is 3244777 a composite number?
True
Is 74999 composite?
True
Is 4202257 prime?
True
Is 26069837 a composite number?
False
Is 370045877 prime?
True
Is 109893913 prime?
True
Is 525459007 a prime number?
True
Is 132687085 a composite number?
True
Is 13971071 a prime number?
False
Is 3945119 composite?
False
Is 231232217 composite?
False
Is 27472117 composite?
False
Is 5140111 prime?
False
Is 12087571 composite?
False
Is 881172673 a composite number?
False
Is 816377 a composite number?
False
Is 388301 a composite number?
False
Is 253236289 composite?
True
Is 754333 composite?
False
Is 16913537 a prime number?
False
Is 20273471 composite?
True
Is 57364441 composite?
False
Is 112000139 prime?
False
Is 21697561 prime?
True
Is 9243617 composite?
True
Is 3361522 prime?
False
Is 24499 prime?
True
Is 683387 a composite number?
True
Is 15273157 a composite number?
True
Is 2149129 prime?
False
Is 2049067 a composite number?
False
Is 10016605 a prime number?
False
Is 8340047 composite?
True
Is 58335361 composite?
True
Is 146324911 prime?
True
Is 5809519 prime?
False
Is 24724789 a composite number?
True
Is 17040389 prime?
True
Is 17952145 a prime number?
False
Is 608386 composite?
True
Is 6156169 a prime number?
True
Is 4918939 composite?
True
Is 8663089 a prime number?
True
Is 13211059 a composite number?
False
Is 3147697 a composite number?
True
Is 8859067 a prime number?
False
Is 57844019 a composite number?
True
Is 34997759 a composite number?
False
Is 52961 a composite number?
True
Is 10807777 composite?
False
Is 101091157 prime?
True
Is 176395039 a composite number?
False
Is 3270923 a composite number?
False
Is 2377205681 a prime number?
True
Is 7085941 a composite number?
True
Is 6260123 prime?
False
Is 1180477 a composite number?
False
Is 1206679 composite?
False
Is 45228289 prime?
False
Is 47991829 prime?
True
Is 1487209 composite?
True
Is 723144553 composite?
True
Is 198761 a prime number?
True
Is 47919427 prime?
True
Is 1227029 a prime number?
False
Is 9436907 a composite number?
False
Is 4816883 a prime number?
True
Is 162059 prime?
True
Is 14640251 composite?
False
Is 2059151 composite?
True
Is 9838229 composite?
True
Is 13946371 composite?
False
Is 18684703 a prime number?
True
Is 23116151 a prime number?
False
Is 1716600269 a prime number?
True
Is 24777647 prime?
False
Is 42277133 a composite number?
False
Is 75343 a composite number?
True
Is 18929093 a composite number?
True
Is 12324607 a composite number?
False
Is 3703949 a composite number?
False
Is 183873329 a prime number?
False
Is 5658251 a composite number?
False
Is 11484266 a prime number?
False
Is 2370469 a prime number?
True
Is 83206657 a composite number?
True
Is 431391 a composite number?
True
Is 104964229 composite?
False
Is 1183414871 prime?
True
Is 9608905 prime?
False
Is 23381993 prime?
True
Is 4432151 prime?
True
Is 237001 composite?
True
Is 561395995 a composite number?
True
Is 392307 prime?
False
Is 74571547 composite?
True
Is 5155154599 a composite number?
True
Is 14463131 a prime number?
True
Is 276435977 prime?
True
Is 273200651 composite?
False
Is 129240349 composite?
True
Is 9668221 composite?
False
Is 68759 a prime number?
False
Is 4929943 prime?
True
Is 43187269 a prime number?
False
Is 12912701 prime?
True
Is 431479 a composite number?
False
Is 87990115 a prime number?
False
Is 161578441 a prime number?
False
Is 9940577 composite?
True
Is 206962501 prime?
False
Is 30288319 a prime number?
True
Is 5532433 prime?
True
Is 13910329 prime?
True
Is 5101601 a composite number?
True
Is 884207 composite?
True
Is 1232573 composite?
False
Is 11208058 composite?
True
Is 86682079 a composite number?
True
Is 268251083 a composite number?
False
Is 19778357 a composite number?
False
Is 20